{"id":7339,"date":"2024-02-27T15:16:16","date_gmt":"2024-02-27T20:16:16","guid":{"rendered":"https:\/\/ridefordad.ca\/what-we-ride\/len-dirk-2\/"},"modified":"2026-02-02T11:56:33","modified_gmt":"2026-02-02T16:56:33","slug":"len-dirk-2","status":"publish","type":"what-we-ride","link":"https:\/\/ridefordad.ca\/fr\/what-we-ride\/len-dirk-2\/","title":{"rendered":"Len Dirk"},"content":{"rendered":"<p>V-Strom 650 2009. C&rsquo;est la huiti\u00e8me moto que j&rsquo;ai pu piloter lors de cet \u00e9v\u00e9nement au cours des 11 derni\u00e8res ann\u00e9es et c&rsquo;est facilement l&rsquo;une des plus polyvalentes que j&rsquo;ai eues.<\/p>\n","protected":false},"author":18,"featured_media":7338,"parent":0,"template":"","meta":{"_acf_changed":false,"_lmt_disableupdate":"","_lmt_disable":""},"acf":[],"_links":{"self":[{"href":"https:\/\/ridefordad.ca\/fr\/wp-json\/wp\/v2\/what-we-ride\/7339","targetHints":{"allow":["GET"]}}],"collection":[{"href":"https:\/\/ridefordad.ca\/fr\/wp-json\/wp\/v2\/what-we-ride"}],"about":[{"href":"https:\/\/ridefordad.ca\/fr\/wp-json\/wp\/v2\/types\/what-we-ride"}],"author":[{"embeddable":true,"href":"https:\/\/ridefordad.ca\/fr\/wp-json\/wp\/v2\/users\/18"}],"wp:featuredmedia":[{"embeddable":true,"href":"https:\/\/ridefordad.ca\/fr\/wp-json\/wp\/v2\/media\/7338"}],"wp:attachment":[{"href":"https:\/\/ridefordad.ca\/fr\/wp-json\/wp\/v2\/media?parent=7339"}],"curies":[{"name":"wp","href":"https:\/\/api.w.org\/{rel}","templated":true}]}}

<p>V-Strom 650 2009. C&rsquo;est la huitième moto que j&rsquo;ai pu piloter lors de cet événement au cours des 11 dernières années et c&rsquo;est facilement l&rsquo;une des plus polyvalentes que j&rsquo;ai eues.</p>
