{"id":7412,"date":"2024-02-27T15:54:07","date_gmt":"2024-02-27T20:54:07","guid":{"rendered":"https:\/\/ridefordad.ca\/what-we-ride\/steve-adshade\/"},"modified":"2026-02-02T11:57:04","modified_gmt":"2026-02-02T16:57:04","slug":"steve-adshade","status":"publish","type":"what-we-ride","link":"https:\/\/ridefordad.ca\/fr\/what-we-ride\/steve-adshade\/","title":{"rendered":"Steve Adshade"},"content":{"rendered":"<p>Ma licorne est une Buell Ulysses xb12x de 2008.<br \/>\nD&rsquo;aucuns s&rsquo;interrogent sur les raisons de ce choix ! Elle arbore l&rsquo;apparence d&rsquo;une moto d&rsquo;aventure et \u00e9met un son comparable \u00e0 celui d&rsquo;un groupe de rock and roll.<br \/>\nLa raison en est qu&rsquo;elle se distingue, \u00e0 l&rsquo;instar de ma personne, et que son acquisition n&rsquo;a pas n\u00e9cessit\u00e9 l&rsquo;\u00e9quivalent d&rsquo;une mensualit\u00e9 hypoth\u00e9caire. <\/p>\n","protected":false},"author":18,"featured_media":7411,"parent":0,"template":"","meta":{"_acf_changed":false,"_lmt_disableupdate":"","_lmt_disable":""},"acf":[],"_links":{"self":[{"href":"https:\/\/ridefordad.ca\/fr\/wp-json\/wp\/v2\/what-we-ride\/7412","targetHints":{"allow":["GET"]}}],"collection":[{"href":"https:\/\/ridefordad.ca\/fr\/wp-json\/wp\/v2\/what-we-ride"}],"about":[{"href":"https:\/\/ridefordad.ca\/fr\/wp-json\/wp\/v2\/types\/what-we-ride"}],"author":[{"embeddable":true,"href":"https:\/\/ridefordad.ca\/fr\/wp-json\/wp\/v2\/users\/18"}],"wp:featuredmedia":[{"embeddable":true,"href":"https:\/\/ridefordad.ca\/fr\/wp-json\/wp\/v2\/media\/7411"}],"wp:attachment":[{"href":"https:\/\/ridefordad.ca\/fr\/wp-json\/wp\/v2\/media?parent=7412"}],"curies":[{"name":"wp","href":"https:\/\/api.w.org\/{rel}","templated":true}]}}

<p>Ma licorne est une Buell Ulysses xb12x de 2008.<br />
D&rsquo;aucuns s&rsquo;interrogent sur les raisons de ce choix ! Elle arbore l&rsquo;apparence d&rsquo;une moto d&rsquo;aventure et émet un son comparable à celui d&rsquo;un groupe de rock and roll.<br />
La raison en est qu&rsquo;elle se distingue, à l&rsquo;instar de ma personne, et que son acquisition n&rsquo;a pas nécessité l&rsquo;équivalent d&rsquo;une mensualité hypothécaire. </p>
