{"id":7424,"date":"2024-02-27T15:56:25","date_gmt":"2024-02-27T20:56:25","guid":{"rendered":"https:\/\/ridefordad.ca\/what-we-ride\/bob-karai\/"},"modified":"2026-02-02T11:57:02","modified_gmt":"2026-02-02T16:57:02","slug":"bob-karai","status":"publish","type":"what-we-ride","link":"https:\/\/ridefordad.ca\/fr\/what-we-ride\/bob-karai\/","title":{"rendered":"Bob Karai"},"content":{"rendered":"<p>Cette moto est une Yamaha Seca XJ650 RJ de 1982 que j&rsquo;ai achet\u00e9e neuve la m\u00eame ann\u00e9e et que je conduis depuis. C&rsquo;est la troisi\u00e8me fois que je participe \u00e0 la Randonn\u00e9e pour papa. La seule modification apport\u00e9e au v\u00e9lo est un en-t\u00eate Wolfe, que beaucoup reconnaissent comme un magasin de v\u00e9los local \u00e0 Cambridge \u00e0 l&rsquo;\u00e9poque.<\/p>\n","protected":false},"author":18,"featured_media":7423,"parent":0,"template":"","meta":{"_acf_changed":false,"_lmt_disableupdate":"","_lmt_disable":""},"acf":[],"_links":{"self":[{"href":"https:\/\/ridefordad.ca\/fr\/wp-json\/wp\/v2\/what-we-ride\/7424","targetHints":{"allow":["GET"]}}],"collection":[{"href":"https:\/\/ridefordad.ca\/fr\/wp-json\/wp\/v2\/what-we-ride"}],"about":[{"href":"https:\/\/ridefordad.ca\/fr\/wp-json\/wp\/v2\/types\/what-we-ride"}],"author":[{"embeddable":true,"href":"https:\/\/ridefordad.ca\/fr\/wp-json\/wp\/v2\/users\/18"}],"wp:featuredmedia":[{"embeddable":true,"href":"https:\/\/ridefordad.ca\/fr\/wp-json\/wp\/v2\/media\/7423"}],"wp:attachment":[{"href":"https:\/\/ridefordad.ca\/fr\/wp-json\/wp\/v2\/media?parent=7424"}],"curies":[{"name":"wp","href":"https:\/\/api.w.org\/{rel}","templated":true}]}}

<p>Cette moto est une Yamaha Seca XJ650 RJ de 1982 que j&rsquo;ai achetée neuve la même année et que je conduis depuis. C&rsquo;est la troisième fois que je participe à la Randonnée pour papa. La seule modification apportée au vélo est un en-tête Wolfe, que beaucoup reconnaissent comme un magasin de vélos local à Cambridge à l&rsquo;époque.</p>
